056 (base 8) to base 3
-2212120
What is 6411 (base 13) in base 3?
201000210
Convert 934 (base 10) to base 2.
1110100110
Convert -1120 (base 9) to base 15.
-3a3
-3ab (base 13) to base 15
-2d3
Convert -755b (base 16) to base 7.
-153406
What is 101010001111011 (base 2) in base 15?
661c
Convert -2344114 (base 5) to base 2.
-1010101010001011
Convert -182d (base 16) to base 10.
-6189
What is -43 (base 13) in base 6?
-131
Convert 5e (base 15) to base 4.
1121
Convert 10205 (base 7) to base 16.
9c8
5044 (base 9) to base 10
3685
34605 (base 7) to base 12
5176
11123 (base 5) to base 3
1002012
What is 7e52 (base 16) in base 8?
77122
a6c (base 15) to base 14
c00
25407 (base 9) to base 3
212110021
28a54 (base 12) to base 9
85821
Convert 267 (base 16) to base 3.
211210
What is -1001010110110 (base 2) in base 10?
-4790
110110000000000 (base 2) to base 8
66000
What is 5147 (base 8) in base 15?
bc8
Convert 2307 (base 8) to base 6.
5355
11254 (base 7) to base 15
cc1
Convert -6c0 (base 16) to base 2.
-11011000000
What is 7ab (base 15) in base 11?
1339
151 (base 8) to base 10
105
-631 (base 8) to base 10
-409
Convert -122 (base 14) to base 12.
-16a
Convert -62b (base 14) to base 12.
-853
What is 57 (base 16) in base 11?
7a
What is 11001110 (base 2) in base 12?
152
-16770 (base 11) to base 6
-301011
10000110 (base 2) to base 14
98
What is 149 (base 13) in base 11?
19a
2302110 (base 4) to base 7
45162
What is -612 (base 9) in base 8?
-761
-b3dc (base 14) to base 11
-212a1
Convert 10010111 (base 3) to base 4.
203221
-248 (base 12) to base 16
-158
What is 5283 (base 14) in base 8?
33623
What is -24bc (base 13) in base 11?
-3a20
-47507 (base 9) to base 11
-21952
1b84 (base 12) to base 13
1726
What is -2011 (base 13) in base 10?
-4408
Convert -4876a (base 11) to base 12.
-34707
-660c (base 14) to base 3
-220012210
Convert 776 (base 16) to base 5.
30120
Convert 9714 (base 11) to base 5.
402331
-a06 (base 16) to base 4
-220012
Convert -213 (base 9) to base 2.
-10101110
78b (base 16) to base 14
9bd
What is -213340 (base 7) in base 16?
-9163
-1333 (base 7) to base 13
-307
-354 (base 9) to base 8
-444
1aab (base 15) to base 3
21221022
Convert -21321 (base 5) to base 3.
-2000010
-20696 (base 14) to base 13
-2974a
Convert -112 (base 15) to base 7.
-464
-17b7 (base 14) to base 16
-10b5
Convert -36414 (base 7) to base 14.
-3644
-4eb (base 15) to base 16
-461
42426 (base 8) to base 6
213514
110510 (base 7) to base 9
28622
What is 647 (base 9) in base 14?
29b
Convert -5972 (base 10) to base 6.
-43352
Convert 105 (base 13) to base 11.
149
Convert -10110100 (base 3) to base 4.
-213120
Convert 22140 (base 9) to base 16.
3969
-5407 (base 8) to base 6
-21023
1640 (base 7) to base 5
10130
-2101022222 (base 3) to base 11
-32265
1565 (base 10) to base 6
11125
Convert 51326 (base 7) to base 12.
72ab
Convert -10420 (base 5) to base 7.
-2100
Convert 11110101 (base 2) to base 12.
185
Convert 5024 (base 10) to base 8.
11640
What is -10011001000100001 (base 2) in base 13?
-29895
Convert -155014 (base 6) to base 13.
-6ca6
-120102211 (base 3) to base 13
-5179
-435452 (base 6) to base 3
-1211201112
What is -1536 (base 9) in base 5?
-14132
12200 (base 4) to base 5
3131
34331 (base 5) to base 15
ae6
What is 15 (base 6) in base 16?
b
-7719 (base 10) to base 3
-101120220
What is -5127 (base 13) in base 4?
-2232303
What is af (base 16) in base 5?
1200
Convert -10401 (base 9) to base 15.
-2091
What is -111031 (base 4) in base 7?
-3646
What is 1100100 (base 2) in base 14?
72
Convert -4240 (base 5) to base 3.
-210010
Convert 920 (base 16) to base 10.
2336
What is 1222110211 (base 3) in base 5?
2221413
-53240 (base 6) to base 11
-5478
Convert -4712 (base 9) to base 5.
-102434
What is -13120201 (base 4) in base 5?
-1431431
Convert 1a5a5 (base 12) to base 6.
455525
-1200301 (base 4) to base 12
-3701
-2661 (base 15) to base 9
-12211
Convert -1022211 (base 3) to base 4.
-33013
-2 (base 13) to base 2
-10
3b5 (base 15) to base 8
1515
Convert 11243 (base 5) to base 12.
587
Convert -2112311 (base 4) to base 6.
-112405
What is 3064 (base 9) in base 15?
9ea
Convert -10485 (base 10) to base 4.
-2203311
3622 (base 8) to base 9
2583
Convert 104140 (base 7) to base 9.
27034
What is -40554 (base 7) in base 15?
-2de3
-184a (base 12) to base 16
-b7a
Convert 22201 (base 3) to base 10.
235
Convert -671 (base 12) to base 11.
-793
-16645 (base 10) to base 14
-60cd
What is 1134 (base 9) in base 11?
6a5
Convert 8b48 (base 12) to base 7.
63041
67 (base 9) to base 2
111101
What is 1038 (base 9) in base 5?
11024
What is 10000101001101 (base 2) in base 12?
4b25
-1101110100011 (base 2) to base 16
-1ba3
Convert -804 (base 10) to base 6.
-3420
What is -2a6 (base 16) in base 3?
-221010
30132 (base 4) to base 15
383
4b62 (base 15) to base 7
64562
What is -4c6 (base 15) in base 13?
-657
What is -123233 (base 4) in base 9?
-2382
What is 7345 (base 8) in base 15?
11e3
What is 41051 (base 6) in base 8?
12467
53 (base 9) to base 3
1210
5ec1 (base 15) to base 6
233314
-15503 (base 6) to base 2
-100111111111
Convert -440112 (base 6) to base 2.
-1000110111101100
-36ad (base 14) to base 11
-7202
What is -118a8 (base 13) in base 3?
-1122020101
Convert -1797 (base 14) to base 6.
-31401
Convert -25d (base 14) to base 11.
-3a2
What is -3334004 (base 5) in base 7?
-332634
-34255 (base 6) to base 13
-229a
311 (base 9) to base 7
511
-a7 (base 11) to base 16
-75
What is 45430 (base 7) in base 16?
2d10
-281 (base 10) to base 16
-119
-85 (base 11) to base 4
-1131
12575 (base 9) to base 7
33521
What is 597 (base 13) in base 14?
4d3
What is -112010 (base 3) in base 4?
-11331
What is -3400 (base 5) in base 2?
-111011011
-2121 (base 3) to base 5
-240
What is -1dd5 (base 16) in base 11?
-5813
-430 (base 9) to base 13
-210
Convert 1567 (base 8) to base 11.
737
Convert -c336 (base 15) to base 9.
-62486
What is -302 (base 8) in base 12?
-142
Convert -1304 (base 7) to base 15.
-22e
102 (base 4) to base 16
12
-454 (base 14) to base 2
-1101011010
Convert 69 (base 16) to base 2.
1101001
366 (base 16) to base 9
1166
Convert -2261 (base 10) to base 4.
-203111
What is -126 (base 14) in base 6?
-1022
What is -54f7 (base 16) in base 9?
-32747
1211200202 (base 3) to base 7
210422
What is -520155 (base 6) in base 8?
-121107
102542 (base 9) to base 11
4187a
What is -b155 (base 14) in base 6?
-352555
844 (base 11) to base 16
3f8
What is 1595 (base 10) in base 8?
3073
Convert 919 (base 14) to base 10.
1787
Convert -15a (base 14) to base 4.
-10110
347 (base 16) to base 13
4c7
-10101000100010 (base 2) to base 10
-10786
5354 (base 7) to base 16
76d
-100111010 (base 2) to base 8
-472
Convert 114323 (base 7) to base 11.
14649
Convert -311132 (base 4) to base 3.
-11200202
What is -21310 (base 5) in base 16?
-5af
What is 375 (base 8) in base 14?
141
-1ad5 (base 16) to base 8
-15325
What is 13325 (base 6) in base 16?
815
What is 1509 (base 10) in base 14?
79b
What is 1576 (base 12) in base 3?
10111000
Convert 2205 (base 6) to base 10.
509
2301221 (base 4) to base 13
5237
Convert -525 (base 6) to base 11.
-16a
-30551 (base 7) to base 5
-214414
11123 (base 4) to base 5
2342
Convert -89a (base 11) to base 12.
-759
What is 41354 (base 6) in base 2?
1010110100110
2242 (base 5) to base 13
1ba
Convert -60003 (base 9) to base 8.
-114711
-795 (base 10) to base 11
-663
Convert -11111010101 (base 2) to base 9.
-2667
Convert -141335 (base 8) to base 5.
-3044020
What is 1000001111000110 (base 2) in base 14?
c418
What is -180c (base 13) in base 2?
-110111101001
What is 22c5 (base 14) in base 12?
3605
Convert 566 (base 7) to base 12.
205
What is 260 (base 14) in base 15?
21b
1168 (base 9) to base 11
723
Convert 35d (base 16) to base 6.
3553
Convert 19517 (base 11) to base 14.
9cdd
What is -100001111010 (base 2) in base 12?
-130a
-201213 (base 4) to base 2
-100001100111
-63344 (base 7) to base 16
-3cfe
-112207 (base 9) to base 15
-14dc7
-293 (base 16) to base 5
-10114
What is a5d5 (base 16) in base 6?
524313
Convert 2231 (base 6) to base 5.
4043
Convert -1089 (base 12) to base 6.
-12253
Convert -4263 (base 7) to base 11.
-1158
-1100010 (base 3) to base 11
-807
-1344 (base 6) to base 12
-254
Convert 9b8 (base 15) to base 3.
10000102
60373 (base 9) to base 2
1001101011111011
What is -308 (base 9) i